 + 2*k + 1. Let l be d(2). Let f be 1/(-2)*(l + 15). Let z(u) = u. What is z(f)?
0
Let j(t) = t**3 + 18*t**2 - 2*t - 28. Let q be j(-18). Suppose 9*s = 10 + q. Suppose -s*x = -2 - 4. Let w(a) = a**2 - 5*a + 2. Determine w(x).
-4
Let k(y) = -y**3 + 20*y**2 - 18*y. Let o = 3590 + -3571. What is k(o)?
19
Let l be (3/(-12))/((-6)/1 + (-311)/(-52)). Let n(t) = -t - 26. Calculate n(l).
-39
Let g(h) = h**3 + 9*h**2 - h - 12. Let j(u) = -u**2 - u + 3. Let x(t) = -10*t + 13. Let k be x(1). Let a be j(k). What is g(a)?
-3
Let k(q) = 3*q**2 + q + 53. Let c(r) = 4*r**2 + 2*r + 54. Let p(g) = -4*c(g) + 5*k(g). Let b(u) be the first derivative of p(u). Give b(6).
-15
Let v = 540 + -535. Let b(r) = -2*r**2 - 372 - 6*r + 4*r**3 + 10*r - v*r**3 + 377 - 2*r**2. Calculate b(-4).
-11
Let w(m) = -14*m + 4. Let g(k) = 7 + 3 - 4 - 3*k - 5. Let x(s) = 5*g(s) - w(s). Calculate x(-9).
10
Suppose 8*w + 162 = 14*w. Suppose 42 - w = -3*j. Let v(b) = b**2 + 6*b + 6. What is v(j)?
1
Let y(j) = -j**3 + 9*j**2 - 6*j - 6. Suppose 0 = -22*p + 32*p - 540. Let a be ((-12)/p)/(13/(-468)). What is y(a)?
10
Let r(g) = -11*g**2 + 32*g + 18. Let i(l) = -13*l**2 + 36*l + 19. Let m(b) = -6*i(b) + 7*r(b). Calculate m(-4).
-4
Suppose 0*s = -4*s + 20. Suppose -5*t + 2 + 11 = -3*p, -s*t = -10. Let h(z) be the first derivative of -3*z**4 + z**3/3 - z**2/2 - z + 1017. Give h(p).
13
Let i(l) = l**3 - 5*l**2 - 2*l + 5. Let h be i(-3). Let j = -58 - h. Let x(c) = -j*c + 11*c - 1 - 9*c. Calculate x(-5).
4
Suppose 139*z = 143*z - 4. Let g(c) be the first derivative of 19*c**3/3 - c + 62. Calculate g(z).
18
Suppose -7*o = -2*o - 10. Let v(s) = 15*s + 47. Let f be v(-3). Let l(b) = -32*b + 15*b - 6*b**f + 21*b - 2. Give l(o).
-18
Let k be 357/85 + 4*176/(-320). Let s(x) be the first derivative of 7*x**2/2 - 3*x + 1. Determine s(k).
11
Let u(d) = 16*d + 194. Suppose -241*z = -332*z - 1001. Give u(z).
18
Let z(n) = -n**3 - 60*n**2 + 120*n - 242. Let q be z(-62). Let p(t) be the first derivative of -t**2/2 - 11*t - 1. Calculate p(q).
-17
Let k(t) = 139*t**3 - 15*t**2 - 15*t + 3. Let r(a) = 348*a**3 - 36*a**2 - 37*a + 8. Let p(i) = -12*k(i) + 5*r(i). Determine p(1).
71
Let z(u) = -u**2 + 14*u - 15. Suppose 0 = -16*a + 128, 7*p + 18 = 6*p + 4*a. Determine z(p).
-15
Suppose -2*m - 3*c = -20, 268*c = m + 266*c + 11. Let v(p) = p**2 - 9*p + 7. Determine v(m).
-1
Suppose -2*r - 93 + 261 = 0. Suppose 8*a + 37 - 175 = 342. Suppose 4*t - a = -r. Let w(g) = g**2 + 5*g - 7. Give w(t).
-1
Let o(m) = 163*m + 10 - 323*m - 39 + 164*m + 1. Calculate o(15).
32
Let z(j) = j**3 - 2*j**2 - 33*j + 100. Suppose 49*c + 145*c + 307 - 1083 = 0. Calculate z(c).
0
Let h(n) = -n**2 - 10*n - 5. Let z(v) = -35*v**2 + 76*v**2 - 36*v**2 - 9 - v**3 + 6*v. Suppose -26 = -4*c - 2. Let x be z(c). What is h(x)?
4
Let b = -198 + 207. Suppose -5*q - 5*t = -6*t + 15, -3*q + 4*t = b. Let j(a) = 3*a - 4. Give j(q).
-13
Suppose 0 = j + 5*l + 4, 4*j - 15*l = -11*l + 8. Let i(h) = 22*h**3 + h**2 + h - 1. Determine i(j).
23
Let x(f) = -2*f**2 - 15*f - 18. Let o be (5/15)/((((-12)/3)/4)/18). Give x(o).
0
Suppose s - 18056 = -18058. Let j(y) = -4*y**2 - 6*y - 8. Calculate j(s).
-12
Let m(c) = -c**3 - 9*c**2 + 12*c + 37. Suppose -5*s - 5 = 2*g, -4*g - 15 - 37 = -4*s. Give m(g).
17
Let c be (2*(-18)/30)/(2/(-5)). Let o(r) = 13 - 6 + 4*r**c + 2*r - 5*r**3 - 3*r + 7*r**2. What is o(7)?
0
Suppose -16*o + 68 - 260 = 8*o. Let c(n) = -6*n - 8. Give c(o).
40
Let o(t) = 9*t**3 + 5*t**2 - 24*t - 38. Let d(q) = 20*q**3 + 11*q**2 - 50*q - 78. Let v(m) = -4*d(m) + 9*o(m). Determine v(-4).
-14
Let z be 2/37 + (-780)/2960*4. Let s(k) be the third derivative of 43*k**6/120 - k**4/24 - 4*k**2. Give s(z).
-42
Let v(f) = -7*f - 48. Let p be v(-6). Let d be (-5 - 22/(-6)) + (-14)/p. Let h(j) = 6*j. Determine h(d).
6
Let j(g) = -g**2 - 22*g - 36. Let x be j(-19). Let r(z) = -5*z + 110. Determine r(x).
5
Let j be 109/(-7) + (-66)/154 + 0. Let y(u) = u**3 + 18*u**2 + 28*u - 38. Determine y(j).
26
Let b = -16 + 20. Suppose -4*m = -4*t + 36 + b, -3*t = -15. Let i(u) = u**3 + 6*u**2 + 8*u + 4. Determine i(m).
-11
Let i(h) be the second derivative of h**4/12 - h**3 - 3*h**2/2 - 2*h - 38. Let c be 1 - -6 - (6 - 25/5). Calculate i(c).
-3
Let s(v) = v**3 + 3*v**2 - 5*v - 4. Suppose -3*o + 271 = 298. Let u be o/(135/(-12))*-5*1. What is s(u)?
0
Let d(t) = 22*t - 182. Suppose -2*w + 4*m + 16 = 0, 8*w - 3*m - 40 = 3*w. What is d(w)?
-6
Let w(f) = f**2 - 43*f + 47. Let y be w(42). Suppose -9*k = y*k + 9*k. Let z(m) = -m**2 + m + 6. Determine z(k).
6
Suppose -11*h - 19*h + 0*h = -10*h. Let q(y) be the third derivative of 13/6*y**3 - 23*y**2 + h + 0*y + 1/12*y**4. Determine q(-10).
-7
Suppose -4987 = -33*r + 1910. Let f be 20/(-11) + (-38)/r. Let u(d) = d. What is u(f)?
-2
Let q(p) = p**2 + 4*p - 2. Let g be 4*((-341)/(-22) - 6). Let h be 17*-1*(-8)/4. Let j = h - g. Give q(j).
-2
Let v(u) = u**3 + 32*u - 43 - 26*u - 13*u**2 + 13*u + 26. Calculate v(11).
-50
Let y(u) = u**2 + 22*u - 24. Let c be (156/(-18) + 1)/((-8)/3 + 3). Calculate y(c).
-1
Suppose -4 = -a + 3*m, 3*a + m - 19 = 3. Let f(r) be the first derivative of -130 + 1/2*r**2 - 10*r. Give f(a).
-3
Let s(j) = j**2 + 8*j - 12. Let d be -1 + 183/27 + 10/45. Suppose d*i + 111 = 57. Calculate s(i).
-3
Let y be 6*(2/6)/(-1). Let n(z) be the second derivative of 5*z**4/12 + z**2/2 + 93*z. Determine n(y).
21
Let k = 10595 - 10574. Let t(j) = -3*j + 72. What is t(k)?
9
Let y(c) = -c**2 - 14*c - 17. Suppose 4*i + 84 = -5*u, -9*u = -3*i - 7*u - 40. Determine y(i).
-49
Let c(f) = f**2 - f + 1. Let s(p) = p**2 + 14*p - 70. Suppose -4*q = 76 - 4. Let l be s(q). Give c(l).
3
Let s be (0 - (-5 - -2))*1. Suppose 0 = -p + 2*d - 6 - 3, -s*p = d + 20. Let f(h) = -175 + h + 535 - 172 - 180. Determine f(p).
1
Let i(d) be the first derivative of -1/4*d**4 + 16*d + 7*d**2 + 40 - 4*d**3. What is i(-13)?
3
Let n(o) = 10*o - 1 - 1 + 5. Let j = -35864 - -35862. Give n(j).
-17
Suppose 2*w + 0*w + 4*a = 30, 3*w - 37 = 2*a. Let p(z) = -3*z**2 + 10*z + 23. Let k(f) = 16*f**2 - 49*f - 118. Let j(n) = -2*k(n) - 11*p(n). Calculate j(w).
-4
Let k(t) = 2*t**3 - 31*t**2 - 16*t - 8. Let c(o) = -77*o + 555. Let b be c(7). What is k(b)?
-8
Let i(o) = -o - 30. Let l(w) = w + 30. Let s(g) = 4*i(g) + 3*l(g). Let n be s(-17). Let t be (-54)/n + 26/(-169). Let b(m) = m**3 - 4*m**2 - m. Determine b(t).
-4
Let x(u) = u**3 - 6*u**2 - 3*u. Let q be 103/1*1 + (-13 - -17). Let a = q + -101. Determine x(a).
-18
Let t(j) be the third derivative of -3*j**4/8 - 7*j**3/3 + 14*j**2. Let d(z) = 7*z + 13. Let s(y) = 4*d(y) + 3*t(y). Determine s(-8).
2
Let c(v) = -16 + v**3 + 6*v - 16 + 52 + 6*v**2 - 18. Let k(q) = q**2 + 10*q + 16. Suppose 1 = -l + 2*u, 0 = -2*l - 2*u + 4*u - 4. Let j be k(l). Determine c(j).
-3
Suppose -6 = -8*d - 14. Let q be (-3 + 5)/(d/1). Let v(w) = w**2 + 3*w - 1. Give v(q).
-3
Let u = 16288 - 16250. Let f(b) = -4*b + 130. What is f(u)?
-22
Let r(o) = -308*o + 4021. Let k be r(13). Let z(s) = s**2 - 14*s - 55. Give z(k).
-4
Let l(c) = -164*c + 315*c + 3*c**2 - 172*c + 3*c**2 - c**3 + 5*c**2 + 8. Calculate l(9).
-19
Suppose 0 = -3*k - 6 + 21, 3*h = 4*k + 166. Let i(x) = h*x + 5 - 71*x + 1 - 2. Determine i(-5).
49
Let z(r) = 1. Let b(w) be the second derivative of 0 - 1/12*w**4 - 7*w + 1/3*w**3 + 1/2*w**2. Let f(a) = b(a) - z(a). Determine f(4).
-8
Let g(z) be the third derivative of -z**4/6 - z**3/3 + z**2. Let a = -115 - -98. Let j = 21 + a. Give g(j).
-18
Let m(y) = -8*y - 2. Let a(v) = -9*v - 1. Let q(s) = 4*a(s) - 5*m(s). Let c(h) = 5*h + 6. Let d(o) = 5*c(o) - 6*q(o). Let w = -36 + 43. Calculate d(w).
1
Let q(g) = -31*g + 3. Let j(o) = -9*o + 320. Let w(z) = j(z) - 2*q(z). Give w(-6).
-4
Suppose 3*i + 4*u + 16 = 43, -4*u + 24 = 4*i. Let o(v) = -v**2 + 20*v + 60. Give o(i).
-9
Suppose -772*v = -980*v + 1872. Let l(b) = b**3 - 10*b**2 + 10*b - 6. Calculate l(v).
3
Suppose 4 = 19*s - 18*s, 2*a - 5*s + 26 = 0. Let q(l) = l**3 + 4*l**2 + l + 3. Give q(a).
9
Let d(w) = w**2 + 20*w + 46. Let q be (-28)/(-340)*17 + 87/(-5). Determine d(q).
-18
Let w(a) = -2*a**2 - 4*a + 14*a**2 - a**3 + 11 + 11*a - 62 - 25. Let g be w(12). Let y(z) = -2*z + 26. Determine y(g).
10
Let d(c) = -c - 8. Let w(v) = -v - 21 + 39 - 21. Let o be w(1). Calculate d(o).
-4
Let l(g) = 4*g - 